or of 960 and 2016.
96
What is the highest common divisor of 10658 and 219?
73
Calculate the greatest common factor of 242 and 550.
22
What is the highest common divisor of 200 and 520?
40
What is the highest common factor of 6636 and 77?
7
What is the greatest common factor of 693 and 462?
231
What is the highest common divisor of 52 and 39?
13
Calculate the greatest common divisor of 1484 and 56.
28
Calculate the highest common divisor of 1127 and 483.
161
Calculate the greatest common divisor of 636 and 1431.
159
Calculate the highest common factor of 1004 and 17821.
251
What is the greatest common divisor of 18830 and 70?
70
What is the highest common divisor of 16 and 32?
16
What is the greatest common divisor of 68 and 54468?
68
Calculate the highest common factor of 19 and 931.
19
What is the highest common divisor of 9 and 1737?
9
What is the highest common divisor of 165 and 45?
15
Calculate the greatest common factor of 42651 and 126.
63
Calculate the greatest common divisor of 31 and 27187.
31
Calculate the greatest common divisor of 9558 and 162.
162
Calculate the highest common divisor of 81 and 144.
9
Calculate the highest common divisor of 116 and 2871.
29
What is the highest common factor of 10 and 1355?
5
What is the greatest common divisor of 2 and 62?
2
Calculate the greatest common factor of 42 and 534.
6
What is the highest common divisor of 380 and 5396?
76
What is the greatest common divisor of 54 and 2898?
18
Calculate the highest common factor of 390 and 6500.
130
What is the highest common divisor of 58 and 261?
29
Calculate the greatest common factor of 48 and 132.
12
What is the highest common factor of 39624 and 624?
312
What is the greatest common divisor of 1974 and 2021?
47
Calculate the greatest common factor of 30 and 294.
6
Calculate the highest common divisor of 45 and 279.
9
Calculate the greatest common factor of 121 and 121.
121
What is the greatest common divisor of 33 and 11?
11
Calculate the greatest common divisor of 14 and 21.
7
What is the greatest common factor of 77 and 616?
77
What is the greatest common factor of 14298 and 12?
6
What is the highest common factor of 32 and 6512?
16
Calculate the greatest common divisor of 1705 and 22.
11
Calculate the highest common factor of 156 and 192.
12
What is the greatest common factor of 720 and 4608?
144
What is the highest common factor of 3332 and 14?
14
What is the highest common divisor of 68 and 272?
68
What is the highest common divisor of 7 and 15862?
7
Calculate the greatest common divisor of 7683 and 39.
39
Calculate the greatest common divisor of 864 and 252.
36
Calculate the highest common divisor of 1095 and 15.
15
What is the highest common factor of 100 and 30?
10
Calculate the greatest common factor of 940 and 500.
20
Calculate the highest common factor of 80 and 140.
20
Calculate the greatest common divisor of 10 and 410.
10
What is the highest common factor of 259 and 259?
259
What is the highest common divisor of 77411 and 199?
199
Calculate the highest common divisor of 110 and 490.
10
Calculate the highest common divisor of 260 and 208.
52
Calculate the highest common factor of 1528 and 8.
8
What is the greatest common factor of 459 and 34?
17
Calculate the highest common factor of 504 and 192.
24
What is the highest common divisor of 591 and 3?
3
Calculate the highest common factor of 144 and 156.
12
Calculate the greatest common divisor of 3780 and 36.
36
Calculate the greatest common divisor of 30 and 1830.
30
Calculate the highest common divisor of 21615 and 165.
165
Calculate the highest common divisor of 9265 and 85.
85
What is the highest common factor of 1393 and 3383?
199
What is the highest common factor of 231 and 336?
21
Calculate the greatest common factor of 390 and 351.
39
Calculate the highest common factor of 152 and 836.
76
Calculate the greatest common divisor of 316 and 4.
4
What is the greatest common factor of 111 and 14097?
111
What is the highest common factor of 135 and 108?
27
Calculate the greatest common divisor of 4 and 128.
4
What is the highest common factor of 33 and 528?
33
Calculate the greatest common factor of 7049 and 266.
133
What is the highest common factor of 24 and 120?
24
Calculate the greatest common divisor of 533 and 455.
13
What is the greatest common factor of 2388 and 24?
12
What is the greatest common factor of 912 and 624?
48
Calculate the highest common factor of 30 and 18735.
15
Calculate the greatest common divisor of 140 and 28.
28
What is the highest common factor of 12551 and 77?
77
What is the greatest common factor of 315 and 455?
35
Calculate the highest common factor of 374 and 10.
2
What is the highest common factor of 39 and 221?
13
What is the greatest common factor of 3375 and 27?
27
What is the highest common divisor of 17896 and 24?
8
Calculate the highest common divisor of 150 and 660.
30
What is the highest common divisor of 32 and 25?
1
Calculate the highest common factor of 18 and 150.
6
Calculate the highest common divisor of 3580 and 15.
5
Calculate the greatest common divisor of 38 and 7334.
38
What is the highest common divisor of 680 and 1666?
34
Calculate the highest common divisor of 31288 and 8.
8
What is the greatest common factor of 490 and 42?
14
What is the greatest common factor of 752 and 1598?
94
What is the highest common factor of 53321 and 71?
71
Calculate the greatest common divisor of 91 and 1995.
7
Calculate the greatest common divisor of 6425 and 25.
25
What is the highest common divisor of 77 and 3311?
77
What is the highest common factor of 1428 and 1632?
204
Calculate the highest common factor of 11 and 737.
11
What is the highest common divisor of 2242 and 76?
38
Calculate the greatest common divisor of 209 and 11.
11
What is the highest common factor of 15890 and 14?
14
What is the highest common divisor of 572 and 25883?
143
Calculate the highest common factor of 315 and 882.
63
What is the highest common divisor of 104 and 328?
8
What is the highest common divisor of 850 and 350?
50
What is the highest common divisor of 40 and 580?
20
What is the greatest common factor of 12 and 102?
6
Calculate the highest common divisor of 68076 and 186.
186
Calculate the greatest common factor of 26 and 38922.
26
What is the greatest common factor of 10737 and 9?
9
Calculate the greatest common divisor of 126 and 1302.
42
Calculate the greatest common divisor of 45 and 3135.
15
Calculate the highest common divisor of 70 and 3290.
70
What is the greatest common factor of 94 and 18095?
47
What is the highest common divisor of 28 and 6202?
14
Calculate the highest common factor of 136 and 476.
68
What is the greatest common divisor of 5895 and 90?
45
What is the greatest common factor of 112 and 32?
16
What is the greatest common divisor of 1600 and 20?
20
What is the highest common factor of 95 and 3040?
95
Calculate the highest common factor of 5859 and 7.
7
Calculate the greatest common factor of 1330 and 42.
14
What is the greatest common divisor of 1817 and 437?
23
Calculate the greatest common divisor of 3425 and 2877.
137
What is the greatest common divisor of 1679 and 365?
73
Calculate the highest common factor of 73 and 292.
73
What is the greatest common divisor of 986 and 58?
58
What is the greatest common factor of 1407 and 1005?
201
What is the highest common divisor of 394 and 2?
2
What is the greatest common factor of 85 and 55505?
85
What is the greatest common divisor of 13 and 2691?
13
What is the greatest common divisor of 119 and 3009?
17
Calculate the greatest common divisor of 1406 and 185.
37
What is the greatest common factor of 25 and 55?
5
Calculate the greatest common divisor of 366 and 2074.
122
What is the highest common divisor of 26 and 65?
13
What is the greatest common factor of 189 and 147?
21
What is the highest common divisor of 183 and 3?
3
Calculate the greatest common factor of 1596 and 28.
28
Calculate the highest common divisor of 46 and 4.
2
Calculate the greatest common divisor of 4 and 236.
4
What is the highest common divisor of 201 and 2479?
67
What is the greatest common divisor of 2808 and 96?
24
What is the greatest common divisor of 1496 and 6664?
136
Calculate the highest common divisor of 975 and 